
Calculate 4 - (20 - (4 - -6) - -3).
-9
What is the value of (4 - ((7 - 3) + 3)) + -12?
-15
337 + -339 - (-11 - -1 - (-5 + 3))
6
Calculate (-17 - (-19 + 2)) + (1 - 14).
-13
Calculate 5 + (-4 - (14 + -13)).
0
-7 + (3 - (7 + 1 + 2))
-14
What is the value of 4 + (-4 - 10) - (-4 + 6)?
-12
Calculate (24 - -5) + -16 + -3.
10
What is the value of 1 - (29 - 15) - -12 - (-1 + 1)?
-1
Evaluate 22 + -8 + -29 + -9.
-24
Calculate 6 + 10 - 14 - 7 - (-5 + 26).
-26
What is (-41 - -35) + (13 - 0) - 9?
-2
Calculate (32 - 45) + -2 + 16.
1
Calculate -2 - (-10 + (-4 - -23)).
-11
Calculate 2 + 10 + (-26 - 12).
-26
-55 + 69 - (-1 - -11)
4
-7 + (-2 - -1) + (-986 - -991)
-3
What is the value of -5 + 5 + (-16 - -12) + 4?
0
2 + 3 + (-3 - (5 + 7))
-10
Evaluate -1 + (-3 - -11) - 2 - (24 + -7).
-12
What is the value of 6 + (-20 - 5) - -28?
9
What is the value of 9 + -1 - (6 - (11 - -2))?
15
What is the value of (13 - 16) + -2 - 1?
-6
Calculate -22 + (4 - (3 - (6 - 0))).
-15
What is 1221 + -1237 + -1 + 1 + (-1 - 0)?
-17
What is -2 - -3 - (7 - 6 - 2)?
2
What is the value of 30 + (1 - (21 - 7))?
17
(34 - -15) + (5 - 24) + -2
28
Calculate (0 - (-3 + -5)) + -9 + -7.
-8
Evaluate 9 + (-11 - -6) + 79 + -91.
-8
Evaluate (8 - (-19 + 10 + -6)) + -14.
9
Evaluate (2 - (9 + -7)) + 2 + 10.
12
Calculate -43 + 30 - (-9 + 0).
-4
Evaluate -13 - (-28 - -24) - (0 + 0).
-9
Evaluate 17 + -1 - (-11 + -1 + 2 + 15).
11
What is the value of -3 - (-28 + -2 - (58 + -65))?
20
Calculate 14 - ((48 - 26) + 14).
-22
What is the value of -5 + -3 + (-10 - (-7 + 1))?
-12
Calculate 0 - -19 - (29 + (-46 - -1)).
35
What is the value of 0 + -2 + (-5 + (24 - 7) - 5)?
5
What is -2 + 3 - (286 + -289)?
4
What is -1 + -2 - (15 - (20 + -7))?
-5
What is the value of -11 + 8 + -13 + 9?
-7
Calculate 0 + (-26 - (-15 - 1 - -5)).
-15
What is the value of -7 + (18 - -6 - 9) - -2?
10
What is the value of 6 - ((0 - -1) + 1 + -345 + 352)?
-3
What is -4 - (1 - 2) - (-6 + 10 + -10)?
3
Evaluate (10 - 21) + -7 + 3.
-15
-6 - (15 + -39 + 15)
3
What is the value of (-11 + 7 + -4 - -17 - 18) + 41?
32
What is -6 + (3 + 7 - 5) + 2?
1
Evaluate -17 + -1 + (24 - 17) + (3 - 18).
-26
Evaluate 2 + -30 - ((-5 + -16 - -27) + 2).
-36
What is the value of 25 - (7 + -3 + 9)?
12
What is the value of (-20 + 6 - -13) + (5 - (1 + -3))?
6
Evaluate -13 + -2 + (17 - (3 - -5)).
-6
-448 + 432 - ((0 - -3 - 5) + 8)
-22
What is the value of -2037 + 2037 + (-1 - 0) + -10?
-11
What is -6 - (-5 + -7 + -2) - 11?
-3
What is (-8 - (-4 - 13) - -10) + -8?
11
(-33 - (16 - 41)) + 14
6
Evaluate 6 + (15 + -9 - 0 - (5 - -39)).
-32
What is (17 - 12) + -8 + 6 + -3?
0
What is 4 + -37 + 29 + -11?
-15
28 - (66 + -27) - (4 + 1 - 44)
28
Evaluate (0 - -6) + -7 + 1 - (10 - 2).
-8
Evaluate 24 + (-6 + 0 + 5 - 1 - -5).
27
What is the value of 57 - (5 + 7 - -1) - 11?
33
What is the value of 0 + (-2 - 12) + -4 + -6?
-24
Calculate -16 + (2 - -14 - -8).
8
(-2 - (-9 + (0 - (5 + -8)))) + -24
-20
(-21 - -39) + -39 + 0
-21
What is the value of 7 + (3 - 12) - (-4 - (-1 - -2))?
3
6 + -1 + 2 - (1 + 2 + -2)
6
What is -12 + (1 - 1) + 225 + -210?
3
What is the value of -12 - (1 + -6 + (7 - 6 - 1))?
-7
What is the value of -22 + 18 + 16 + -1?
11
What is the value of 110 + -117 + 6 + -1?
-2
4 - 18 - (6 - -8) - -4
-24
Evaluate (-41 - -49 - (26 - -1)) + 4.
-15
What is the value of (-3 - 0) + 0 + 8?
5
What is -4 + (-23 - -9) + 3 + 20?
5
Evaluate -1 + -12 + 145 + -143.
-11
What is 4 + -2 + (18 - (19 + 1))?
0
Calculate (-19 - -3 - -13) + (-4 - (3 - 42)).
32
-12 + 22 + -6 + (1 - 3 - 5)
-3
Evaluate 12 + 4 + -5 + 0 + (-14 - -4).
1
What is the value of 15 - (-8 + (53 - (-9 - -15)))?
-24
-7 + (13 - 2) - (13 + 0) - -5
-4
What is 22 - (3 - (-15 - -3))?
7
Calculate -12 + (-3 - 16 - -26).
-5
What is the value of 123 - 152 - (-7 + 3)?
-25
Evaluate (44 - -6 - 22) + -28.
0
What is (171 + -164 - (-1 + -3)) + -28?
-17
10 + 39 + -76 + 60
33
Evaluate -38 - -29 - (-3 - (3 + -9 - -2)).
-10
(17 - 24 - -13) + 7
13
What is -9 + (-5 - -5) + 4?
-5
7 - ((28 - 17 - (0 + 2)) + -11)
9
What is (24 + -13 - 2 - 7) + -11?
-9
-1 + -5 + (34 - 29) + -4 + 13
8
Evaluate -26 - (-4 + -7) - (5 + 1).
-21
What is -4 + -3 - 0 - (-60 + 59)?
-6
What is the value of 4 + 5 - (-5 - -13 - 5)?
6
Calculate (-9 - 4) + 6 + -2 + 17 + -26.
-18
Evaluate (-3 - (5 + -3) - 4) + -2 + -3.
-14
Calculate -13 + (-9 - -22) + 6.
6
1 - (6 - (12 + -10) - 1)
-2
(-17 - (-18 + -6)) + -6
1
Evaluate -1 + 9 + -3 + -8 - 3.
-6
Evaluate -25 + -10 + (-34 - -58).
-11
Evaluate 0 + 7 - (113 - 90 - (6 - -11)).
1
What is the value of -94 + 105 - (3 + -1)?
9
-19 + 96 + -26 + -24
27
3 - (8 - (7 - (10 + 2))) - -3
-7
Calculate 0 + -7 + -27 + 42.
8
Calculate 46 + 14 + -40 + -55.
-35
Evaluate 2 - 13 - (11 + -13 + -11).
2
What is the value of -5 + (6 - (-10 + 5 + 15 + -35))?
26
9 + (15 - 31) + 14
7
Calculate -4 + (-1 + (4 - 7) - -1) - 1.
-8
What is -2 - (-17 + 2 - -11)?
2
What is the value of (-2 - -6) + -3 + -1 + (-12 - -3)?
-9
Evaluate (-3 - (1 - 2)) + (-7 - -10) + 10.
11
Evaluate -26 + 35 - (6 + -4 + 2 + -29).
34
What is the value of (1 - -4 - (-5 - -41 - 8)) + 5?
-18
What is the value of -13 + (19 - (2 + 15) - 4)?
-15
What is 7 + 1 - (139 + -126)?
-5
7 + -2 + 7 + -5 + (-12 - -12)
7
What is the value of -1 - -15 - (110 - 103)?
7
Evaluate (-1 - (5 - 11)) + -8 - 4.
-7
Calculate (6 - 1) + (-145 - -160) + 0.
20
Calculate (12 + -5 + 3 - -3) + 16 + -19.
10
What is -8 + ((0 - 0) + 3 - (5 - 6))?
-4
What is 1 + -24 + 42 - (0 + 7)?
12
Evaluate (0 - -1) + (-26 - -21 - -16).
12
What is 7 - 5 - ((12 - 25) + (9 - 2))?
8
Calculate 48 + 4 + -10 - 14.
28
What is the value of 17 - (-4 + (7 - (12 - 6)))?
20
What is (13 + -17 - -19) + -32?
-17
What is 215 + -208 + (0 - 16)?
-9
14 + (36 - 28) + -25
-3
What is the value of 6 + 25 + -17 + 7 + -9?
12
What is (-4 - -1) + 2 + (34 - 40) - -17?
10
What is the value of (1 - 1) + 7 - -2 - (-10 - -17)?
2
Evaluate -9 - (5 + (-30 - (-3 + -4))).
9
Evaluate (8 - -1 - 0) + 3 + 28 + -28.
12
-10 - ((9 - 18 - -7) + 2)
-10
-9 + 5 + -3 + 21
14
(0 - 0) + 12 + -8
4
Evaluate -2 + (-5 - (7 + -9 + 8) - 2).
-15
Calculate (-2 - -5) + (7 - 9) + -3.
-2
Evaluate 16 - (-6 + 4 - -9).
9
What is (2 - 3) + 3 + 3 + (2 - -1)?
8
Calculate 34 - 6 - (-47 + 57).
18
5 + (-1 - (-6 + 8)) + -4 + 2
0
Calculate -2 + 7 + -10 + -3 - -22.
14
Evaluate (7 + 0 - (-68 - -69)) + 5 + 0.
11
-2 + (-69 - -49 - (-1 + -6))
-15
-40 + (5 - -27) - -24
16
Calculate 8 + (-35 - (-6 + -9)) + 28.
16
Evaluate (-163 - -175) + -1 + -7.
4
What is 6 + -5 - (-13 + 10)?
4
Evaluate -9 + 5 + -3 + -1 + -3.
-11
Evaluate 3 + (-1 - (0 + 2) - -10).
10
What is the value of -12 + -2 - (2 + (-5 - (9 + -9)))?
-11
26 - 10 - 1 - 22
-7
Evaluate -10 - (23 + -54 - -21).
0
Evaluate (16 - 44 - -20 - (1 + 0)) + 23.
14
-7 - -7 - -26 - 14
12
What is (8 + 0 - (11 + -28 + 8)) + -2?
15
What is 46 - 54 - (-1 - (1 + -10))?
-16
Evaluate -37 + (14 - (-2 - 12) - 14).
-23
Calculate (-150 - -151) + (17 - 0).
18
Calculate (-29 - (4 - 26)) + 32.
25
12 - ((13 - -23 - 1) + -17)
-6
Calculate -15 - ((-2 - 20) + 3).
4
Evaluate 26 - 15 - (1 - -15).
-5
-5 + 1 + 0 + 14 + -13
-3
What is the value of 32 + -30 + 4 - -26?
32
What is 1 - (8 + (1 - 6)) - -13?
11
What is 28 + -20 - (3 + (2 - (5 - -4)))?
12
Calculate 7 + 0 + -1652 + 1642.
-3
What is -5 - 8 - (0 - 3)?
-10
Evaluate 179 + -173 - (-2 + 1) - (7 - 1).
1
What is 4 - (2 + -5 + 0 + 10) - 7?
-10
What is the value of -10 + 3 + -2 - 11 - -9?
-11
Calculate 2 - (6 - 21) - 13.
4
Calculate (19 - 18) + 17 - -1 - 9.
10
(6 - -2) + -1 + -10
-3
Evaluate -21 + 1 + (6 - (1 + 0)) + 1.
-14
Calculate (32 + -27 - -31) + -22.
14
Evaluate 0 - (3 + -9 + (11 - -5)).
-10
Evaluate -1 - (-1 + 6) - (-369 + 373).
-10
Calculate -1 - -4 - (-5 + (29 - 28)).
7
Evaluate -1 - -25 - (146 + -134).
12
What is 0 + 1 + -3 + (51 - (94 - 44))?
-1
Evaluate 13 - (25 + 9 + -14) - (-5 + -3).
1
Calculate 14 + 6 + -8 + -7 + 10.
15
What is the value of 38 + 0 + (9 - (25 + -12 + -6))?
40
(-6 - -1 - 0 - (12 + -8)) + 18
9
24 - ((10 - -18) + -18) - -24
38
15 - (-2 - -12 - -9)
-4
What is the value of 0 - 13 - (-18 + (-22 - -53))?
-26
Calculate 18 + -53 + -33 + 37.
-31
Evaluate (-88 - -89) + -1 + -1 + -7.
-8
Evaluate -4 + 18 + 5 + -14 + (-1 - -5).
9
Calculate (-26 - -10 - -47) + 9 - 5.
35
Calculate (28 - 18) + 6 + 0 + -15.
1
Calculate 2 + (10 - 5 - (-10 + (5 - 3))).
15
Calc